36311 (base 9) to base 2.
-1111001010000111110
-3411253 (base 9) to base 6
-103221203
Convert 51001403 (base 6) to base 11.
8a8a21
Convert 340851 (base 11) to base 5.
114331431
Convert 263603 (base 8) to base 6.
1550031
Convert -a782a (base 13) to base 5.
-34134002
What is 199 (base 15) in base 3?
111200
15b9b5 (base 13) to base 11
33972a
What is -16a3a9 (base 11) in base 15?
-52c79
Convert -250450 (base 10) to base 2.
-111101001001010010
Convert -21100022221021 (base 3) to base 12.
-1383144
What is -11010001011011100001100 (base 2) in base 15?
-90856e
-2313122 (base 6) to base 3
-20000201212
Convert 11000011000110011 (base 2) to base 6.
2050243
What is 14174a (base 11) in base 12?
a8473
What is 11101000101111101011100 (base 2) in base 9?
15313636
What is -5616261 (base 7) in base 16?
-a95b7
What is d56a8 (base 15) in base 10?
676508
Convert -12103201 (base 5) to base 16.
-1b91e
-728613 (base 9) to base 4
-1221222123
What is 10102002100 (base 3) in base 12?
32a23
47501 (base 15) to base 14
5cb63
2120299 (base 14) to base 15
1599355
151033011 (base 6) to base 10
3130495
What is -154415401 (base 6) in base 9?
-6178111
What is 20011102110 (base 3) in base 5?
12340243
Convert -11231360 (base 7) to base 2.
-11101111111000001101
What is 2ba3a5 (base 13) in base 14?
2014db
Convert 311200 (base 4) to base 11.
2633
-1110111001110011 (base 2) to base 4
-32321303
What is 10010010100101001000 (base 2) in base 12?
24b548
230a8 (base 16) to base 4
203002220
What is 106c7 (base 13) in base 4?
13100222
-32141244 (base 6) to base 10
-946396
-7c0577 (base 13) to base 5
-1223131401
What is -1761316 (base 8) in base 2?
-1111110001011001110
Convert 2310445 (base 6) to base 14.
31085
280188 (base 9) to base 10
170747
What is -2514203 (base 7) in base 13?
-b4161
2aca (base 13) to base 12
374a
Convert -12324101 (base 5) to base 12.
-598ba
What is 1233598 (base 13) in base 14?
a75903
What is ea744 (base 15) in base 3?
1101210202201
What is -11020133 (base 5) in base 7?
-544044
What is 83a6512 (base 11) in base 2?
111000011111111000011111
Convert -1450552 (base 7) to base 15.
-3d644
1011101011001110 (base 2) to base 7
256265
Convert 10110112220110 (base 3) to base 14.
35d0b7
-245134410 (base 6) to base 14
-8adcb4
What is 122000030 (base 4) in base 7?
622343
Convert -1d97 (base 14) to base 11.
-4092
Convert -370472 (base 8) to base 4.
-133010322
1224043 (base 11) to base 9
4003445
Convert -1391953 (base 11) to base 5.
-1102421321
-5aa66 (base 11) to base 14
-23dd3
What is 255252134 (base 6) in base 15?
690c94
72532 (base 9) to base 5
3012234
Convert -4ad78 (base 16) to base 9.
-516453
Convert 1011101111110011111100 (base 2) to base 16.
2efcfc
-88959 (base 11) to base 8
-373641
38464a0 (base 11) to base 16
65c79b
-111101010101011101 (base 2) to base 6
-5215033
Convert -116081 (base 10) to base 11.
-7a239
Convert 664908 (base 10) to base 3.
1020210002020
Convert -b11b0 (base 12) to base 8.
-701324
Convert -3d63b (base 14) to base 3.
-21201201011
Convert 33b6a (base 12) to base 13.
25582
Convert -23d0ee (base 15) to base 4.
-12202220210
Convert -21012330013 (base 4) to base 12.
-971947
Convert -115506524 (base 7) to base 3.
-111122222212222
Convert -3a845 (base 12) to base 15.
-18d98
90e114 (base 16) to base 15
c7841e
222701 (base 9) to base 8
404176
-132232110 (base 4) to base 9
-211556
122110002110 (base 3) to base 6
11205533
-10010001011100110111 (base 2) to base 13
-17b233
Convert -223614 (base 7) to base 9.
-60466
Convert 10101111222 (base 3) to base 6.
1232512
What is 11140003432 (base 5) in base 15?
1155a7c
Convert -2787565 (base 9) to base 13.
-419477
Convert 1ca73a (base 14) to base 2.
11111010111001100000
What is -2855bb (base 12) in base 2?
-10100100010100011111
Convert -100100100010001010 (base 2) to base 4.
-210202022
Convert -23213052 (base 6) to base 9.
-1313035
112343340 (base 5) to base 9
860722
-111000111110110101010 (base 2) to base 4
-13013312222
10015360 (base 7) to base 12
33b0b4
What is 13436005 (base 8) in base 4?
23203300011
Convert 5146 (base 12) to base 4.
2022012
Convert 331122 (base 4) to base 9.
5346
-4420042 (base 6) to base 10
-220346
Convert -230131033222 (base 4) to base 16.
-b1d3ea
Convert -101040215 (base 6) to base 3.
-10020222020002
Convert 10101101111011001110111 (base 2) to base 4.
111233121313
Convert -1122112100 (base 3) to base 11.
-22432
Convert -306633 (base 7) to base 13.
-1b054
Convert 463044 (base 8) to base 13.
5673b
10120012100 (base 3) to base 10
70128
What is -42860 (base 12) in base 16?
-15648
What is -a5268b (base 12) in base 10?
-2596427
15a753d (base 14) to base 8
50414123
What is -110111100011111010100101 (base 2) in base 12?
-4a64a05
Convert 5034013 (base 6) to base 14.
62a6d
What is 4ba98 (base 14) in base 15?
3a162
-40739 (base 13) to base 8
-341423
What is -342344421 (base 5) in base 6?
-52430331
231313111 (base 4) to base 16
2ddd5
What is -10110110011100010010110 (base 2) in base 9?
-12221563
1221022302 (base 5) to base 2
1011000101111010110011
What is 3aa9288 (base 11) in base 9?
14286272
Convert -256006226 (base 7) to base 15.
-1681092
193904 (base 13) to base 7
5260364
-1387238 (base 9) to base 11
-483876
What is 11885532 (base 9) in base 5?
2443441434
Convert 4477072 (base 8) to base 9.
2246444
Convert -1151645 (base 10) to base 2.
-100011001001010011101
What is 10d22e2 (base 15) in base 2?
101101111111011001100010
What is 10504501 (base 9) in base 16?
4d89c0
What is 11320b (base 14) in base 5?
122204000
-50563 (base 13) to base 4
-203011303
Convert -8a8698 (base 15) to base 11.
-3804aa8
Convert -aa6d0c (base 14) to base 8.
-26033660
407203 (base 9) to base 5
30211324
What is 9217 (base 14) in base 10?
25109
754554 (base 11) to base 2
100100110100100010110
5e812 (base 15) to base 10
302192
Convert -1062b1 (base 15) to base 2.
-10111110011111010001
What is 431b7 (base 14) in base 13?
58b10
15abb3 (base 15) to base 14
1d436d
-3011216 (base 9) to base 7
-16420641
Convert 385231 (base 11) to base 3.
1010211221100
What is -ac19a5 (base 14) in base 6?
-325131005
155199 (base 12) to base 14
959d3
What is -4815178 (base 10) in base 8?
-22274512
What is 223535432 (base 6) in base 9?
7643332
Convert -3978a7 (base 14) to base 3.
-10201121020111
Convert 11303240 (base 8) to base 9.
4557461
Convert 404430113 (base 6) to base 12.
23a8339
What is -520127 (base 9) in base 14?
-805bb
Convert -7b2ba3 (base 15) to base 14.
-ad1782
8079 (base 16) to base 3
1200010010
What is -10110001111101010 (base 2) in base 7?
-526432
11001100111100100 (base 2) to base 10
104932
Convert -314a55 (base 14) to base 15.
-22d484
Convert -511857 (base 9) to base 15.
-5ecaa
What is 10ec18 (base 16) in base 4?
10032300120
Convert 175972a (base 12) to base 10.
4848082
What is -12102110310 (base 4) in base 3?
-10002201112020
What is 2324351 (base 6) in base 15?
2595a
What is -bde55 (base 15) in base 6?
-20540112
-1011101011000100000011 (base 2) to base 8
-13530403
What is -21e24e (base 16) in base 7?
-24606055
-351d (base 16) to base 6
-142541
Convert -160405 (base 7) to base 8.
-75266
Convert 129711 (base 13) to base 9.
754386
What is -110403223 (base 5) in base 10?
-481688
What is -514774 (base 11) in base 3?
-1112222021002
What is -3222db (base 15) in base 4?
-21012231131
What is -43030514 (base 7) in base 6?
-210155202
Convert 1621734 (base 11) to base 4.
22210013110
-1ad666 (base 14) to base 13
-277613
-101002111221112 (base 3) to base 13
-115a63c
d8c5c (base 15) to base 8
2477450
What is 12112120131 (base 4) in base 9?
3116280
What is 122221110323 (base 4) in base 9?
14125572
What is -2300664 (base 9) in base 10?
-1240573
-40c5c8 (base 13) to base 2
-101110001010001100001
-33c340 (base 14) to base 13
-49919c
Convert 44ea45 (base 15) to base 9.
6163382
Convert 12121012102 (base 3) to base 10.
110225
-5845a0 (base 12) to base 16
-15a248
What is -3020254 (base 6) in base 13?
-4cc24
-21010010022 (base 3) to base 4
-202030121
-40601416 (base 8) to base 6
-504005554
What is 3aa72a9 (base 12) in base 9?
23850843
15448 (base 12) to base 8
72470
Convert -22b1a (base 15) to base 5.
-12014000
-6e9f18 (base 16) to base 15
-9830c8
2011102 (base 5) to base 9
47835
What is -5234333 (base 6) in base 14?
-68665
What is 10a2a9b (base 12) in base 8?
14146627
